 + 16. Suppose 0 = 5*q - 15 - c. What is the units digit of q?
5
Suppose 315 = -22*a + 23*a. What is the units digit of a?
5
Let y(h) = 3*h**2 - 2. What is the hundreds digit of y(-6)?
1
Suppose 2*c = h + 165, -4*c = 4*h + 68 - 416. What is the tens digit of c?
8
Let t = -27 + 69. What is the tens digit of t?
4
Let o(q) = -q**2 - q + 0 - 1 + 0*q + q**3. Suppose -3 = -2*s + s. What is the tens digit of o(s)?
1
Let a be (-1)/(-4) - (-57)/12. Suppose 5*u - a*n - 90 = 0, 3*u + 3*n = 4*u - 10. What is the tens digit of u?
2
Suppose 3*s - 8*s = -20. Suppose -s*n - 3 = 5. What is the units digit of 7 + 0 + 0 + n?
5
Suppose -n - 158 = -2*h, 5*h - 397 = 3*n - n. What is the units digit of h?
1
Suppose 0 = -6*a - 5*a + 165. What is the units digit of a?
5
Suppose -3288 - 2469 = -19*s. What is the units digit of s?
3
Let l = 13 + -9. Suppose l*k + i + 76 = -3*i, i + 33 = -2*k. What is the tens digit of 6/(-21) - 284/k?
2
Suppose -21*m + 22*m - 172 = 0. What is the hundreds digit of m?
1
Let b be (4/(-12))/((-1)/6). Suppose 6 = 4*i + b. What is the units digit of i?
1
Let n = 12 + 0. What is the tens digit of n?
1
Let o(a) = -a**3 + 7*a**2 + 5*a - 8. What is the tens digit of o(7)?
2
Suppose 5*d = d + 8. Let m = d - -8. What is the tens digit of m?
1
What is the tens digit of (1 - 2)*(-8 + -15)?
2
Let g = 11 - 9. Suppose 3*s + 7 = 1, 3*s + 14 = g*c. What is the units digit of c?
4
Let j(f) = -f**2 + 4*f + 16. Let y be j(6). Suppose -85 = -5*s + d - 0*d, s - 5*d - 41 = 0. Suppose -y*w + 2*w = -s. What is the units digit of w?
8
Suppose 11 = -2*g - 1. Let k(j) = -2*j + 11. Let o(z) = 3*z - 12. Let x(v) = -5*k(v) - 4*o(v). What is the units digit of x(g)?
5
Let a = 8 - 6. What is the units digit of 136/20 - a/(-10)?
7
What is the hundreds digit of (2*(-2)/12)/(2/(-666))?
1
Suppose 1215 = 4*j + r, j + 0*r = -2*r + 302. What is the hundreds digit of j?
3
Let q(z) = z**3 + 8*z**2 + 4*z - 8. Let v(a) = 2*a + 13. Let k(o) = o + 7. Let p(x) = 11*k(x) - 6*v(x). Let c be p(6). What is the tens digit of q(c)?
1
Suppose 5*o - 2*o = 51. Suppose 168 = 5*d - o. What is the units digit of d?
7
Let u = -1 + 3. Suppose d + 2*p - 19 = 5*p, 0 = -u*d + 2*p + 26. What is the units digit of d?
0
Let s(r) = r**3 - 5*r**2 + r - 1. Let y be s(5). Suppose 4 = -2*m + y*m. Suppose 5*k - m*u = 47, 5*k - 2*u = k + 38. What is the units digit of k?
9
Suppose -m = 4*m. Suppose m = 5*t + y - 11, t - 3*y = -2*t + 3. Suppose -2*i = t*f - i - 21, 17 = -f + 5*i. What is the units digit of f?
8
Let k = -4 + 15. Let c(a) be the first derivative of -a**4/4 + 11*a**3/3 + a**2 - 5*a - 1. What is the units digit of c(k)?
7
Let a be (-7)/(-3 - (2 - 4)). Let s(o) = o**3 - 8*o**2 + 7*o + 7. What is the units digit of s(a)?
7
Let z(m) = m**3 - 11*m**2 + 3*m - 8. What is the units digit of z(11)?
5
Suppose -4*q - 160 = -8*q. What is the tens digit of q?
4
Let m be (-3)/(-12) - 14/(-8). Suppose m*o = -4*j + 30, j + 1 = 2*o - 19. What is the tens digit of o?
1
Suppose c + 10 = 3*c. Suppose c*h = 0, -4*v + v - 2*h + 3 = 0. What is the units digit of v?
1
Let n(g) = 2*g**2 - g + 1. What is the tens digit of n(3)?
1
Suppose -2*y + 12 = -14. What is the tens digit of y?
1
Let c = -5 + 7. Suppose -c*m + 4 = -m. What is the units digit of m?
4
What is the tens digit of 4548/30 + (-6)/(-15)?
5
Suppose 5*f - 54 = g, 5*g - 14 = 2*f - 54. Suppose 18 = 4*a - 0*t - 2*t, -f = -3*a + 5*t. What is the units digit of a?
5
Let a = -23 + 38. What is the tens digit of a?
1
Let g = 353 + -159. What is the hundreds digit of g?
1
Let r(k) = -k**3 + 124. What is the tens digit of r(0)?
2
Let j(m) = 62*m**2 - 1. What is the tens digit of j(1)?
6
Let q = 65 - 22. What is the tens digit of q?
4
Let o(f) = 2*f**2 + 2*f - 2. Let d be o(-2). Let p be 3*(-1 - (-4)/d). What is the tens digit of (p - 1)/(1/7)?
1
Suppose 4*d = d - 36. Let r = d + 21. What is the units digit of r?
9
Suppose -i - 4800 = 4*i. Let r be (-2)/(-3) - i/18. What is the units digit of r/5 - (-2)/10?
1
Suppose -5*m + 6 = 21. Let a = 5 + m. What is the units digit of (3 - 9/6)*a?
3
Let y(z) = -z**2 + 13. Suppose 0*o + o = 0. What is the units digit of y(o)?
3
Let b(q) = q**3 - 9*q**2 - 10*q - 6. Let y be b(10). Let p be 2*(-2)/12*y. Suppose p*i - 8 = -0. What is the units digit of i?
4
What is the units digit of 606/54 - (-4)/(-18)?
1
Let n(p) = -6*p - 27. Let h(v) = -3*v - 13. Let j(o) = 13*h(o) - 6*n(o). What is the units digit of j(-7)?
4
Let b(n) = -6*n + 11*n - 1 - 1. What is the units digit of b(2)?
8
Let c(p) = p**2 + 6*p - 6. Let x be c(-8). Let g = x + -7. What is the units digit of g?
3
Let t(c) be the third derivative of -c**5/60 + 5*c**3/6 + 2*c**2. What is the units digit of t(0)?
5
Let t(c) = c**3 - 3*c**2 + 4*c + 1. Let b be t(4). Let d = b - 7. What is the units digit of (-2)/8 + d/8?
3
Let p = 5 + -1. Suppose d + 3*y = 7, d - 3 = -p*y + 6. What is the units digit of d?
1
What is the hundreds digit of (4*4/12)/(2/315)?
2
Suppose -6 = 2*w - w. Let d be 2*w/(-4) + 0. Suppose 0 = -5*a - d*f + 41, 2 + 4 = 2*a - 4*f. What is the units digit of a?
7
Let i(h) = 2*h - 2*h - 3*h - h**2. Let d be i(-2). Suppose 1 = 5*r - d*f, 0*r + 3*f - 8 = -2*r. What is the units digit of r?
1
Suppose 5*z + 20 = 45. What is the units digit of z?
5
Suppose q - 20 = -0*q. What is the tens digit of q?
2
Let r(k) = k**2 - k + 1. Let q(s) = 5*s**2 - 15*s + 3. Let a(x) = -q(x) + 6*r(x). Let o be a(-7). Let t = -3 - o. What is the units digit of t?
8
Let r(s) = 5 - 4 - s**2 - 5*s - 2. What is the units digit of r(-4)?
3
Let u(y) = y**3 - y**2 - 5*y + 4. What is the units digit of u(4)?
2
Let k = 66 - 43. What is the tens digit of k?
2
Suppose 3*z + 2*i - 8 = 0, 0 = -3*z - i - 2 + 15. Let x(v) = -v**2 + 8*v - 8. Let l be x(z). Suppose l = m - p - p, p = 5. What is the tens digit of m?
1
Suppose 5*c - 32 = -4*p, 0*c = 4*p + c - 48. What is the units digit of p?
3
Let t be 8/(-2)*(-1)/2. Suppose -t*i = -4*l + 36, 0 = -4*l + i - 2*i + 48. What is the units digit of l?
1
Suppose -4*l - 10 = 26. What is the tens digit of l*(44/(-12) + 2)?
1
Suppose -4 = 36*i - 35*i. Let d be (111/2)/(2/4). What is the units digit of i/10 + d/15?
7
Suppose 3*q + 4*i + 4 = 0, q - 5*q + 5*i = -5. Let g(t) = t**3 - t**2 + 4. What is the units digit of g(q)?
4
Let f = 6 - 6. Let a = 2 - f. What is the units digit of a?
2
Suppose -t = 4*t + 10. What is the units digit of (6 - -54)*(-1)/t?
0
Suppose b = -5*t + 12, 0 = -2*b - 3*t + 3 + 28. Let h = 10 - b. Let x = h + 11. What is the units digit of x?
4
Let h(p) = -p**2 + 4*p + 5. Let v be h(5). Suppose -6 = -r - v. What is the units digit of r?
6
Let a = 23 - -73. What is the tens digit of a?
9
Suppose 3*w + 5*n = 22, -5*n = -2*w - 3 + 1. Suppose 0 = -4*k + w*x + 4, 0 = -k - 3*k - 5*x - 5. Suppose 0 = -k*r + r - 1. What is the units digit of r?
1
Let n be -1 - (4 - 1)*2. Let x = n + 15. What is the units digit of x?
8
Suppose -2*u + 5*b + 41 = 0, 0 = -5*u + 3*u + 4*b + 40. What is the units digit of u?
8
Let j = 1 + 9. Let c(h) = 2*h - 20. Let u be c(6). Let x = u + j. What is the units digit of x?
2
Suppose 0 = s + w - 1, 4*s - 4*w - 17 = 11. Suppose s*b + 3*q = 18 + 14, 3*b - 4*q = -1. Suppose -2*a + b = -a. What is the units digit of a?
5
Suppose -1 = 4*a - 9. Suppose a*i - 50 + 6 = 0. What is the tens digit of i?
2
Let v be (-1)/(2 + (-39)/21). Let c = -4 - v. What is the units digit of c?
3
Let z(l) = l**2 - 15*l - 13. Let f = 36 - 20. What is the units digit of z(f)?
3
Suppose m + 2*x + 2*x + 4 = 0, -4*m + 5*x + 47 = 0. What is the units digit of m?
8
Let g = -11 - -21. Let m be (-2)/(-4) - (-3)/2. Let h = g - m. What is the units digit of h?
8
Suppose -2*f - 868 = -6*f. What is the tens digit of f?
1
Suppose 3*j - 3*l = 276, j + 6*l = l + 80. What is the tens digit of j?
9
Suppose 5*r = -5*v + 690, -3*v + 11 = -4. What is the hundreds digit of r?
1
Let v = -7 + 11. Suppose 0 = -v*x + 15 + 49. What is the tens digit of x?
1
Let g(s) = s**2 - 3*s. Suppose -z - 2*f = -4*f - 15, 3*f - 5 = -4*z. Let d be g(z). What is the units digit of 78/d + (-2)/(-10)?
8
Let s be 234/8 + (-2)/8. Suppose -2*b + 0*b = -36. Let f = s - b. What is the tens digit of f?
1
Suppose -5*p + 4 = -4*p. Suppose 0 = x - 5*x. Suppose 4*u + b = x, -2*u + 3*u + p*b = -15. What is the u